{"id":17810,"date":"2022-09-02T11:03:02","date_gmt":"2022-09-02T14:03:02","guid":{"rendered":"https:\/\/www.mpal.mp.br\/?page_id=17810"},"modified":"2025-07-30T13:38:00","modified_gmt":"2025-07-30T16:38:00","slug":"antonio-guedes-de-miranda","status":"publish","type":"page","link":"https:\/\/www.mpal.mp.br\/?page_id=17810","title":{"rendered":"Ant\u00f4nio Guedes de Miranda"},"content":{"rendered":"<p><div class=\"fusion-fullwidth fullwidth-box fusion-builder-row-1 hundred-percent-fullwidth non-hundred-percent-height-scrolling\"  style='background-color: #ffffff;background-image:linear-gradient(0deg, var(--awb-color1) 0%,var(--awb-color3) 30%);background-position: center center;background-repeat: no-repeat;background-blend-mode: overlay;padding-top:0px;padding-right:0px;padding-bottom:0px;padding-left:0px;margin-top: 30px;'><div class=\"fusion-builder-row fusion-row \"><div  class=\"fusion-layout-column fusion_builder_column fusion_builder_column_1_5 fusion-builder-column-1 fusion-one-fifth fusion-column-first 1_5\"  style='margin-top:0px;margin-bottom:20px;width:20%;width:calc(20% - ( ( 4% ) * 0.2 ) );margin-right: 4%;'>\n\t\t\t\t\t<div class=\"fusion-column-wrapper\" style=\"background-color:#e8e8e8;overflow:hidden;border-radius:12px 12px 12px 12px;padding: 0px 18px 18px 18px;background-position:left top;background-repeat:no-repeat;-webkit-background-size:cover;-moz-background-size:cover;-o-background-size:cover;background-size:cover;border-radius:12px 12px 12px 12px;\"   data-bg-url=\"\">\n\t\t\t\t\t\t<style type=\"text\/css\"><\/style><div class=\"fusion-title title fusion-title-1 fusion-title-text fusion-title-size-three\" style=\"margin-top:20px;margin-bottom:31px;\"><h3 class=\"title-heading-left\" style=\"margin:0;color:#ffffff;\"><strong><span style=\"font-size: 14pt; color: #003866;\">Saiba mais<\/span><\/strong><\/h3><div class=\"title-sep-container\"><div class=\"title-sep sep-double sep-solid\" style=\"border-color:#003866;\"><\/div><\/div><\/div><div class=\"fusion-button-wrapper fusion-align-block\"><style type=\"text\/css\">.fusion-button.button-1 .fusion-button-text, .fusion-button.button-1 i {color:#003866;}.fusion-button.button-1 .fusion-button-icon-divider{border-color:#003866;}.fusion-button.button-1:hover .fusion-button-text, .fusion-button.button-1:hover i,.fusion-button.button-1:focus .fusion-button-text, .fusion-button.button-1:focus i,.fusion-button.button-1:active .fusion-button-text, .fusion-button.button-1:active{color:#ffffff;}.fusion-button.button-1:hover .fusion-button-icon-divider, .fusion-button.button-1:hover .fusion-button-icon-divider, .fusion-button.button-1:active .fusion-button-icon-divider{border-color:#ffffff;}.fusion-button.button-1:hover, .fusion-button.button-1:focus, .fusion-button.button-1:active{border-color:#003866;border-width:2px;}.fusion-button.button-1 {border-color:#003866;border-width:2px;border-radius:50px;}.fusion-button.button-1{background: #f5f5f5;}.fusion-button.button-1:hover,.button-1:focus,.fusion-button.button-1:active{background: #003866;}.fusion-button.button-1 .fusion-button-text {text-transform:uppercase;}<\/style><a class=\"fusion-button button-flat button-large button-custom button-1 fusion-button-span-yes \" target=\"_self\" href=\"https:\/\/www.mpal.mp.br\/?page_id=1798\"><span class=\"fusion-button-text\">MEMORIAL &#8211; DESEMBARGADOR H\u00c9LIO CABRAL<\/span><\/a><\/div><div class=\"fusion-sep-clear\"><\/div><div class=\"fusion-separator fusion-full-width-sep sep-double\" style=\"border-color:rgba(255,252,252,0);border-top-width:1px;border-bottom-width:1px;margin-left: auto;margin-right: auto;margin-top:20px;\"><\/div><div class=\"fusion-button-wrapper fusion-align-block\"><style type=\"text\/css\">.fusion-button.button-2 .fusion-button-text, .fusion-button.button-2 i {color:#003866;}.fusion-button.button-2 .fusion-button-icon-divider{border-color:#003866;}.fusion-button.button-2:hover .fusion-button-text, .fusion-button.button-2:hover i,.fusion-button.button-2:focus .fusion-button-text, .fusion-button.button-2:focus i,.fusion-button.button-2:active .fusion-button-text, .fusion-button.button-2:active{color:#ffffff;}.fusion-button.button-2:hover .fusion-button-icon-divider, .fusion-button.button-2:hover .fusion-button-icon-divider, .fusion-button.button-2:active .fusion-button-icon-divider{border-color:#ffffff;}.fusion-button.button-2:hover, .fusion-button.button-2:focus, .fusion-button.button-2:active{border-color:#003866;border-width:2px;}.fusion-button.button-2 {border-color:#003866;border-width:2px;border-radius:50px;}.fusion-button.button-2{background: #f5f5f5;}.fusion-button.button-2:hover,.button-2:focus,.fusion-button.button-2:active{background: #003866;}.fusion-button.button-2 .fusion-button-text {text-transform:uppercase;}<\/style><a class=\"fusion-button button-flat button-large button-custom button-2 fusion-button-span-yes \" target=\"_self\" href=\"https:\/\/www.mpal.mp.br\/?page_id=1397\"><span class=\"fusion-button-text\">GALERIA &#8211; PROCURADORES-GERAIS<\/span><\/a><\/div><div class=\"fusion-clearfix\"><\/div>\n\n\t\t\t\t\t<\/div>\n\t\t\t\t<\/div><div  class=\"fusion-layout-column fusion_builder_column fusion_builder_column_4_5 fusion-builder-column-2 fusion-four-fifth fusion-column-last 4_5\"  style='margin-top:0px;margin-bottom:20px;width:80%;width:calc(80% - ( ( 4% ) * 0.8 ) );'>\n\t\t\t\t\t<div class=\"fusion-column-wrapper\" style=\"background-color:#ffffff;overflow:hidden;border-radius:12px 12px 12px 12px;padding: 0px 18px 0px 18px;background-position:left top;background-repeat:no-repeat;-webkit-background-size:cover;-moz-background-size:cover;-o-background-size:cover;background-size:cover;border-radius:12px 12px 12px 12px;\"   data-bg-url=\"\">\n\t\t\t\t\t\t<div class=\"fusion-widget-area fusion-widget-area-1 fusion-content-widget-area\"><style type=\"text\/css\">.fusion-widget-area-1 {padding:0px 0px 0px 0px;}.fusion-widget-area-1 .widget h4 {color:#000000;}.fusion-widget-area-1 .widget .heading h4 {color:#000000;}.fusion-widget-area-1 .widget h4 {font-size:20px;}.fusion-widget-area-1 .widget .heading h4 {font-size:20px;}<\/style><section id=\"block-26\" class=\"fusion-slidingbar-widget-column widget widget_block\"><div class=\"aioseo-breadcrumbs\"><span class=\"aioseo-breadcrumb\">\n\tHome\n<\/span><\/div><div style=\"clear:both;\"><\/div><\/section><div class=\"fusion-additional-widget-content\"><\/div><\/div><style type=\"text\/css\"><\/style><div class=\"fusion-title title fusion-title-2 fusion-title-center fusion-title-text fusion-title-size-one\" style=\"margin-top:0px;margin-bottom:20px;\"><div class=\"title-sep-container title-sep-container-left\"><div class=\"title-sep sep-double sep-solid\" style=\"border-color:#e0dede;\"><\/div><\/div><h1 class=\"title-heading-center\" style=\"margin:0;\">Ant\u00f4nio Guedes de Miranda<\/h1><div class=\"title-sep-container title-sep-container-right\"><div class=\"title-sep sep-double sep-solid\" style=\"border-color:#e0dede;\"><\/div><\/div><\/div><div class=\"fusion-sep-clear\"><\/div><div class=\"fusion-separator fusion-full-width-sep sep-double\" style=\"border-color:rgba(255,252,252,0);border-top-width:1px;border-bottom-width:1px;margin-left: auto;margin-right: auto;margin-top:10px;\"><\/div><div class=\"fusion-text\"><p style=\"text-align: center;\"><span style=\"-webkit-border-radius:5px;-moz-border-radius:5px;border-radius:5px;width:100%;max-width:200px;\" class=\"fusion-imageframe imageframe-none imageframe-1 hover-type-none\"><img loading=\"lazy\" decoding=\"async\" src=\"https:\/\/www.mpal.mp.br\/wp-content\/uploads\/2022\/09\/pgj_antonio_guedes_2.jpg\" width=\"250\" height=\"250\" alt=\"\" title=\"pgj_zepheryno\" class=\"img-responsive wp-image-15319\"\/><\/span><\/p>\n<p style=\"text-align: center;\"><span style=\"font-size: 12pt;\">Procurador-Geral do Estado, em 16\/04\/1940 e 1943 <\/span><\/p>\n<div class=\"fusion-sep-clear\"><\/div><div class=\"fusion-separator fusion-no-medium-visibility sep-double sep-solid\" style=\"border-color:#ffffff;border-top-width:2px;border-bottom-width:2px;margin-left: auto;margin-right: auto;margin-top:10px;margin-bottom:10px;width:100%;max-width:50%;\"><\/div>\n<\/div><div class=\"fusion-text\"><table style=\"border-collapse: collapse; width: 100%;\">\n<tbody>\n<tr>\n<td style=\"width: 100%;\"><span style=\"color: #003866;\"><i class=\"fontawesome-icon fa-star fas circle-yes\" style=\"border-color:#000000;background-color:#000000;font-size:15.84px;line-height:31.68px;height:31.68px;width:31.68px;margin-right:9px;color:#ffffff;\"><\/i><strong style=\"font-size: 24px;\"><span style=\"text-align: justify;\">16\/05\/1886<\/span><\/strong><\/span><\/td>\n<\/tr>\n<tr>\n<td style=\"width: 100%;\">\n<table style=\"border-collapse: collapse; width: 100%;\">\n<tbody>\n<tr>\n<td style=\"width: 20%;\"><span style=\"color: #003866;\"><i class=\"fontawesome-icon fa-cross fas circle-yes\" style=\"border-color:#000000;background-color:#000000;font-size:15.84px;line-height:31.68px;height:31.68px;width:31.68px;margin-right:9px;color:#ffffff;\"><\/i><strong style=\"font-size: 24px;\"><span style=\"text-align: justify;\">01\/08\/1961<\/span><\/strong><\/span><\/td>\n<\/tr>\n<\/tbody>\n<\/table>\n<\/td>\n<\/tr>\n<\/tbody>\n<\/table>\n<\/div><div class=\"fusion-sep-clear\"><\/div><div class=\"fusion-separator fusion-full-width-sep sep-double\" style=\"border-color:rgba(255,252,252,0);border-top-width:1px;border-bottom-width:1px;margin-left: auto;margin-right: auto;margin-top:10px;\"><\/div><style type=\"text\/css\"><\/style><div class=\"fusion-title title fusion-title-3 fusion-title-text fusion-title-size-three\" style=\"margin-top:20px;margin-bottom:31px;\"><h3 class=\"title-heading-left\" style=\"margin:0;color:#ffffff;\"><strong><span style=\"font-size: 14pt; color: #003866;\">BIOGRAFIA<\/span><\/strong><\/h3><div class=\"title-sep-container\"><div class=\"title-sep sep-double sep-solid\" style=\"border-color:#003866;\"><\/div><\/div><\/div><div class=\"fusion-text\"><p style=\"text-align: justify;\"><span style=\"font-size: 14pt;\">Alagoano de Porto Calvo, nasceu em 16\/05\/1886 (IHGAL) 1888 (AAL). <\/span><\/p>\n<p style=\"text-align: justify;\"><span style=\"font-size: 14pt;\">Interventor federal, vice-governador, deputado estadual, procurador-geral, secret\u00e1rio de estado, professor, advogado. <\/span><\/p>\n<p style=\"text-align: justify;\"><span style=\"font-size: 14pt;\">Filho de Manuel Jer\u00f4nimo Guedes de Miranda e Maria Ad\u00e9lia Braga de Miranda. <\/span><\/p>\n<p style=\"text-align: justify;\"><span style=\"font-size: 14pt;\">Fez os estudos prim\u00e1rios em sua cidade natal e o curso secund\u00e1rio em Macei\u00f3 e no Col\u00e9gio Estadual de Pernambuco. <\/span><\/p>\n<p style=\"text-align: justify;\"><span style=\"font-size: 14pt;\">Bacharelou-se em ci\u00eancias jur\u00eddicas e sociais pela Faculdade de Direito de Recife (1910). <\/span><\/p>\n<p style=\"text-align: justify;\"><span style=\"font-size: 14pt;\">Deputado estadual nas legislaturas: 1909-10, 11-12; 17-18 e 1929-30. <\/span><\/p>\n<p style=\"text-align: justify;\"><span style=\"font-size: 14pt;\">Lecionou Matem\u00e1tica e Educa\u00e7\u00e3o C\u00edvica na Escola Normal e no Liceu Alagoano, do qual foi tamb\u00e9m diretor. Tornou-se mais tarde professor de Direito Penal e de Direito Romano, catedr\u00e1tico, por concurso, de Introdu\u00e7\u00e3o \u00e0 Ci\u00eancia do Direito e de Filosofia do Direito, e diretor da Faculdade de Direito de Alagoas, da qual foi um dos fundadores. <\/span><\/p>\n<p style=\"text-align: justify;\"><span style=\"font-size: 14pt;\">Em 1932, participou da funda\u00e7\u00e3o do PEA, tornando-se membro de sua comiss\u00e3o diretora. <\/span><\/p>\n<p style=\"text-align: justify;\"><span style=\"font-size: 14pt;\">Foi, em 1939, secret\u00e1rio dos Neg\u00f3cios do Interior, Justi\u00e7a e Educa\u00e7\u00e3o e Seguran\u00e7a P\u00fablica, e, PGE em 1940 e 1943, tendo exercido ainda a presid\u00eancia do Conselho Penitenci\u00e1rio. <\/span><\/p>\n<p style=\"text-align: justify;\"><span style=\"font-size: 14pt;\">Em 19\/12\/1945, foi nomeado interventor federal, substituindo Edgar de G\u00f3is Monteiro, assumindo em 11\/05\/1946 e permanecendo at\u00e9 29\/03\/1947. Em outubro de 1950, elegeu-se vice-governador por uma coliga\u00e7\u00e3o de nove partidos. <\/span><\/p>\n<p style=\"text-align: justify;\"><span style=\"font-size: 14pt;\">Em outubro de 1954, candidatou-se ao Senado, mas n\u00e3o se elegeu. <\/span><\/p>\n<p style=\"text-align: justify;\"><span style=\"font-size: 14pt;\">Membro fundador e primeiro ocupante da cadeira 19 &#8211; tendo feito a Ora\u00e7\u00e3o da Academia, discurso na instala\u00e7\u00e3o da AAL &#8211; da qual, tamb\u00e9m, foi presidente. <\/span><\/p>\n<p style=\"text-align: justify;\"><span style=\"font-size: 14pt;\">S\u00f3cio do IHGAL, empossado, em 14\/07\/1914, membro do Instituto Hist\u00f3rico e Geogr\u00e1fico de Sergipe, e s\u00f3cio-honor\u00e1rio da AAI. <\/span><\/p>\n<p style=\"text-align: justify;\"><span style=\"font-size: 14pt;\">Patrono da cadeira 27 do IHGAL. Patrono da cadeira n\u00ba 5 da APHLA Internacional. <\/span><\/p>\n<p style=\"text-align: justify;\"><span style=\"font-size: 14pt;\">Al\u00e9m de colaborar em diversos jornais, como o Jornal do Com\u00e9rcio, de sua propriedade, foi diretor do Di\u00e1rio do Povo, onde, com o pseud\u00f4nimo de Jo\u00e3o Prata, escreveu cr\u00f4nicas, Jornal de Alagoas e redator-chefe do Correio da Tarde e do Alagoas. <\/span><\/p>\n<p style=\"text-align: justify;\"><span style=\"font-size: 18pt;\"><strong>Obras:<\/strong><\/span><\/p>\n<p style=\"text-align: justify;\"><span style=\"font-size: 14pt;\"> Ora\u00e7\u00e3o ao Magist\u00e9rio Pela Formatura dos Normalistas de 1918, Macei\u00f3, 1919; Ora\u00e7\u00e3o de Dem\u00f3crito (discurso pronunciado na AAL em 26\/10\/1927, 30\u00ba dia de falecimento do Dr. Dem\u00f3crito Brand\u00e3o Gracindo), Macei\u00f3: Livraria Fonseca, 1927; <\/span><\/p>\n<p style=\"text-align: justify;\"><span style=\"font-size: 14pt;\">Ora\u00e7\u00e3o do Direito, Discurso Pronunciado no Dia 16\/09\/1934, Quando se Inaugurou o Pr\u00e9dio da Faculdade de Direito de Alagoas, Macei\u00f3: Casa Ramalho, 1935; <\/span><\/p>\n<p style=\"text-align: justify;\"><span style=\"font-size: 14pt;\">Ora\u00e7\u00f5es do Magist\u00e9rio, Ora\u00e7\u00e3o de Dem\u00f3crito, Velhos e Novos Rumos na Civiliza\u00e7\u00e3o Brasileira (Confer\u00eancias Pronunciadas no Instituto da Ordem dos Advogados de Alagoas), Macei\u00f3: Imprensa Oficial, 1933; <\/span><\/p>\n<p style=\"text-align: justify;\"><span style=\"font-size: 14pt;\">O Elogio do G\u00eanio e Outros Discursos, Macei\u00f3: DEC, 1946; Velhos e Novos Rumos da Civiliza\u00e7\u00e3o Brasileira. Confer\u00eancia Pronunciada no Instituto da Ordem dos Advogados de Alagoas, Macei\u00f3: Imprensa Oficial, 1933; <\/span><\/p>\n<p style=\"text-align: justify;\"><span style=\"font-size: 14pt;\">O Caso da Paulista em Macei\u00f3, Processo Crime. Autor: Alberto Lundgren, R\u00e9o Jos\u00e9 Fernandes, Macei\u00f3: Liv. Fonseca, 1920; Alagoas no 1\u00ba Congresso Nacional do Minist\u00e9rio P\u00fablico &#8211; Medidas de Seguran\u00e7a em Geral, Macei\u00f3: Departamento de Imprensa e Propaganda, 1944; O Direito \u00e9 mais Precioso Que a Paz. Aula Pronunciada na Faculdade de Direito de Alagoas Quando Iniciadas as Aulas em 1942. Ora\u00e7\u00e3o da Sapi\u00eancia, Macei\u00f3: Gr\u00e1fica do Orfanato S\u00e3o Domingos, 1943; <\/span><\/p>\n<p style=\"text-align: justify;\"><span style=\"font-size: 14pt;\">Organismo da Paz, Eu e o Tempo, Macei\u00f3: Cole\u00e7\u00e3o Vidas e Mem\u00f3rias, DEC, Imprensa Oficial, 1967 (mem\u00f3rias) Minha F\u00e9 no Direito, Discurso Proferido na Sess\u00e3o Solene do Encerramento do Congresso Jur\u00eddico dos Advogados do Brasil, no Pal\u00e1cio Tiradentes, dia 7 de Setembro de 1943, Pelo Professor Guedes de Miranda, Macei\u00f3: Imprensa Oficial, 1945; <\/span><\/p>\n<p style=\"text-align: justify;\"><span style=\"font-size: 14pt;\">Exalta\u00e7\u00e3o \u00e0 Terra e sua Gente, Macei\u00f3: Imprensa Oficial, 1957 (discursos) Holandeses em Porto Calvo Macei\u00f3, 1961, DEC, S\u00e9rie Estudos Alagoanos, Cad. n. 1; Antes que Des\u00e7a a Noite, Macei\u00f3: Cole\u00e7\u00e3o Poesia de Sempre, Ed. DEC, 1962; <\/span><\/p>\n<p style=\"text-align: justify;\"><span style=\"font-size: 14pt;\">Discurso Pronunciado no Instituto Arqueol\u00f3gico e Geogr\u00e1fico Alagoano pelo Dr. Guedes de Miranda, Revista do IAGA, v. VI, n. 1, jan.\/jun. 1915, Macei\u00f3, 1915, Livraria Fonseca, p. 12- 18; Saudades do Bangu\u00ea, Revista da AAL, n. 12, p. 117-120 (mem\u00f3ria) Fernandes de Lima, o -Caboclo Ind\u00f4mito-, Revista da AAL, n. 13, p. 191-198; <\/span><\/p>\n<p style=\"text-align: justify;\"><span style=\"font-size: 14pt;\">Ora\u00e7\u00e3o da Academia, Revista da AAL, n. 13, p. 271-283 (discurso na sess\u00e3o solene de instala\u00e7\u00e3o da AAL) Sebasti\u00e3o de Abreu, Que Morreu de Amor, Revista da AAL, n\u00ba. 14, p. 312-317 (Perf\u00eds Acad\u00eamicos) Gera\u00e7\u00e3o Rom\u00e2ntica de Alagoas Anterior a 1910, Revista da AAL, n. 15, p. 261-265 (depoimento) Discurso Sobre Tavares Bastos e Atualidade de Tavares Bastos, in Tavares Bastos Visto por Alagoanos, coordena\u00e7\u00e3o de Moacir Medeiros de Sant-Ana, Macei\u00f3: Assembleia Legislativa Estadual, [IGASA], 1975, p. 123-128 e 131-132, respectivamente. <\/span><\/p>\n<p style=\"text-align: justify;\"><span style=\"font-size: 14pt;\">Colabora\u00e7\u00e3o em jornais. <\/span><\/p>\n<p style=\"text-align: justify;\"><span style=\"font-size: 14pt;\">Faleceu em Macei\u00f3 &#8211; AL 01\/08\/1961.<\/span><\/p>\n<\/div><div class=\"fusion-clearfix\"><\/div>\n\n\t\t\t\t\t<\/div>\n\t\t\t\t<\/div><\/div><\/div><div class=\"fusion-fullwidth fullwidth-box fusion-builder-row-2 hundred-percent-fullwidth non-hundred-percent-height-scrolling\"  style='background-color: #7ccef4;background-image:linear-gradient(0deg, var(--awb-color5) 0%,hsla(var(--awb-color5-h),var(--awb-color5-s),var(--awb-color5-l),calc(var(--awb-color5-a) - 20%)) 78%);background-position: center center;background-repeat: no-repeat;padding-top:0px;padding-right:10%;padding-bottom:0px;padding-left:10%;'><div class=\"fusion-builder-row fusion-row \"><div  class=\"fusion-layout-column fusion_builder_column fusion_builder_column_1_1 fusion-builder-column-3 fusion-one-full fusion-column-first fusion-column-last 1_1\"  style='margin-top:0px;margin-bottom:20px;'>\n\t\t\t\t\t<div class=\"fusion-column-wrapper\" style=\"padding: 0px 0px 0px 0px;background-position:left top;background-repeat:no-repeat;-webkit-background-size:cover;-moz-background-size:cover;-o-background-size:cover;background-size:cover;\"   data-bg-url=\"\">\n\t\t\t\t\t\t<div class=\"fusion-section-separator section-separator hills-opacity\" style=\"font-size:0;line-height:0;margin-left:calc( (100% + 12.5% + 12.5%) * 10 \/ -100 );margin-right:calc( (100% + 12.5% + 12.5%) * 10 \/ -100 );\"><svg class=\"fusion-hills-opacity-candy\" fill=\"#ffffff\" xmlns=\"http:\/\/www.w3.org\/2000\/svg\" version=\"1.1\" width=\"100%\" viewBox=\"0 0 1024 182\" preserveAspectRatio=\"none\" class=\"section-separator-shortcode-divider-svg\"><path class=\"st0\" d=\"M0 0h1024v140.5C995.9 162 963.9 178 926.9 178c-112.8 0-198.1-93.8-289.8-93.8s-199.5 91-285.3 91-142.2-82.1-238.5-82.1c-63.1 0-75.7 31.6-113.3 53.6V0z\"\/>\n\t\t\t\t\t\t\t\t\t<path class=\"st1\" d=\"M1024 0v75.9C984.3 60 942.2 48.6 905.3 50.1c-110.4 4.5-191.8 109.8-325.5 116.2C470.6 171.5 235.6 46.1 150.3 0H1024z\"\/>\n\t\t\t\t\t\t\t\t\t<path class=\"st2\" d=\"M0 0h1024v92c-57.5 30.9-116.9 73.7-199.9 75-133.8 2-158.9-87.9-342-87.9S202.1 183.7 74.2 182c-27.8-.3-52.4-4.2-74.2-9.7V0z\"\/>\n\t\t\t\t\t\t\t\t\t<path class=\"st3\" d=\"M0 0h1024v101.6C986.8 82 943.3 66.3 884.4 65.4 733.3 63 742.8 94 585.9 94.6S447 47.6 280.4 50.9C132.8 53.6 91.2 137.5 0 154V0z\"\/>\n\t\t\t\t\t\t\t\t\t<path class=\"st4\" d=\"M0 0h1024v77.3c-49-20.1-120.5-42.4-193.2-42.1-128.9.5-159.8 72.3-255.8 72.3-89.1 0-134.7-80.2-245-82-110.4-1.8-160.9 57.2-280 59.2-17.2.3-33.9-1.8-50-5.7V0z\"\/>\n\t\t\t\t\t\t\t\t<\/svg><\/div><div class=\"fusion-clearfix\"><\/div>\n\n\t\t\t\t\t<\/div>\n\t\t\t\t<\/div><\/div><\/div><\/p>\n","protected":false},"excerpt":{"rendered":"","protected":false},"author":2,"featured_media":0,"parent":0,"menu_order":0,"comment_status":"closed","ping_status":"closed","template":"100-width.php","meta":{"om_disable_all_campaigns":false,"_monsterinsights_skip_tracking":false,"_monsterinsights_sitenote_active":false,"_monsterinsights_sitenote_note":"","_monsterinsights_sitenote_category":0,"_uf_show_specific_survey":0,"_uf_disable_surveys":false,"footnotes":""},"class_list":["post-17810","page","type-page","status-publish","hentry"],"aioseo_notices":[],"_links":{"self":[{"href":"https:\/\/www.mpal.mp.br\/index.php?rest_route=\/wp\/v2\/pages\/17810","targetHints":{"allow":["GET"]}}],"collection":[{"href":"https:\/\/www.mpal.mp.br\/index.php?rest_route=\/wp\/v2\/pages"}],"about":[{"href":"https:\/\/www.mpal.mp.br\/index.php?rest_route=\/wp\/v2\/types\/page"}],"author":[{"embeddable":true,"href":"https:\/\/www.mpal.mp.br\/index.php?rest_route=\/wp\/v2\/users\/2"}],"replies":[{"embeddable":true,"href":"https:\/\/www.mpal.mp.br\/index.php?rest_route=%2Fwp%2Fv2%2Fcomments&post=17810"}],"version-history":[{"count":6,"href":"https:\/\/www.mpal.mp.br\/index.php?rest_route=\/wp\/v2\/pages\/17810\/revisions"}],"predecessor-version":[{"id":58694,"href":"https:\/\/www.mpal.mp.br\/index.php?rest_route=\/wp\/v2\/pages\/17810\/revisions\/58694"}],"wp:attachment":[{"href":"https:\/\/www.mpal.mp.br\/index.php?rest_route=%2Fwp%2Fv2%2Fmedia&parent=17810"}],"curies":[{"name":"wp","href":"https:\/\/api.w.org\/{rel}","templated":true}]}}