{"id":14433,"date":"2022-08-02T10:39:22","date_gmt":"2022-08-02T13:39:22","guid":{"rendered":"https:\/\/www.mpal.mp.br\/?page_id=14433"},"modified":"2024-10-29T13:13:24","modified_gmt":"2024-10-29T16:13:24","slug":"nucleo-de-defesa-da-saude-publica","status":"publish","type":"page","link":"https:\/\/www.mpal.mp.br\/?page_id=14433","title":{"rendered":"N\u00facleo de Defesa da Sa\u00fade P\u00fablica"},"content":{"rendered":"<p><div class=\"fusion-fullwidth fullwidth-box fusion-builder-row-1 fusion-parallax-none nonhundred-percent-fullwidth non-hundred-percent-height-scrolling\"  style='background-color: rgba(139,195,74,0);background-image: url(\"https:\/\/www.mpal.mp.br\/wp-content\/uploads\/2022\/08\/ban_predio_mp_azul_.jpg\");background-position: center center;background-repeat: no-repeat;background-blend-mode: luminosity;padding-top:0px;padding-right:0px;padding-bottom:0px;padding-left:0px;margin-top: -20px;-webkit-background-size:cover;-moz-background-size:cover;-o-background-size:cover;background-size:cover;'><div class=\"fusion-builder-row fusion-row \"><div  class=\"fusion-layout-column fusion_builder_column fusion_builder_column_1_1 fusion-builder-column-1 fusion-one-full fusion-column-first fusion-column-last 1_1\"  style='margin-top:0px;margin-bottom:20px;'>\n\t\t\t\t\t<div class=\"fusion-column-wrapper\" style=\"padding: 0px 0px 0px 0px;background-position:left top;background-repeat:no-repeat;-webkit-background-size:cover;-moz-background-size:cover;-o-background-size:cover;background-size:cover;\"   data-bg-url=\"\">\n\t\t\t\t\t\t<div class=\"fusion-sep-clear\"><\/div><div class=\"fusion-separator fusion-full-width-sep sep-double\" style=\"border-color:rgba(255,252,252,0);border-top-width:1px;border-bottom-width:1px;margin-left: auto;margin-right: auto;margin-top:20px;\"><\/div><div class=\"fusion-sep-clear\"><\/div><div class=\"fusion-separator fusion-full-width-sep sep-double\" style=\"border-color:rgba(255,252,252,0);border-top-width:1px;border-bottom-width:1px;margin-left: auto;margin-right: auto;margin-top:20px;\"><\/div><div class=\"imageframe-align-center\"><span style=\"-webkit-border-radius:5px;-moz-border-radius:5px;border-radius:5px;\" class=\"fusion-imageframe imageframe-none imageframe-1 hover-type-none\"><img loading=\"lazy\" decoding=\"async\" src=\"https:\/\/www.mpal.mp.br\/wp-content\/uploads\/2022\/09\/nudesp_2.png\" width=\"606\" height=\"157\" alt=\"\" title=\"nudesap\" class=\"img-responsive wp-image-18859\"\/><\/span><\/div><div class=\"fusion-clearfix\"><\/div>\n\n\t\t\t\t\t<\/div>\n\t\t\t\t<\/div><div  class=\"fusion-layout-column fusion_builder_column fusion_builder_column_1_1 fusion-builder-column-2 fusion-one-full fusion-column-first fusion-column-last 1_1\"  style='margin-top:0px;margin-bottom:-10px;'>\n\t\t\t\t\t<div class=\"fusion-column-wrapper\" style=\"padding: 0px 0px 0px 0px;background-position:left top;background-repeat:no-repeat;-webkit-background-size:cover;-moz-background-size:cover;-o-background-size:cover;background-size:cover;\"   data-bg-url=\"\">\n\t\t\t\t\t\t<div class=\"fusion-section-separator section-separator hills-opacity\" style=\"font-size:0;line-height:0;margin-left:-0px;margin-right:-0px;\"><svg class=\"fusion-hills-opacity-candy\" fill=\"#ffffff\" xmlns=\"http:\/\/www.w3.org\/2000\/svg\" version=\"1.1\" width=\"100%\" viewBox=\"0 -0.5 1024 182\" preserveAspectRatio=\"none\" class=\"section-separator-shortcode-divider-svg\"><path class=\"st0\" d=\"M0 182.086h1024V41.593c-28.058-21.504-60.109-37.581-97.075-37.581-112.845 0-198.144 93.798-289.792 93.798S437.658 6.777 351.846 6.777s-142.234 82.125-238.49 82.125c-63.078 0-75.776-31.744-113.357-53.658L0 182.086z\"\/>\n\t\t\t\t\t\t\t\t\t<path class=\"st1\" d=\"M1024 181.062v-75.878c-39.731 15.872-80.794 27.341-117.658 25.805-110.387-4.506-191.795-109.773-325.53-116.224-109.158-5.12-344.166 120.115-429.466 166.298H1024v-.001z\"\/>\n\t\t\t\t\t\t\t\t\t<path class=\"st2\" d=\"M0 182.086h1024V90.028C966.451 59.103 907.059 16.3 824.115 15.071 690.278 13.023 665.19 102.93 482.099 102.93S202.138-1.62 74.24.019C46.49.326 21.811 4.217 0 9.849v172.237z\"\/>\n\t\t\t\t\t\t\t\t\t<path class=\"st3\" d=\"M0 182.086h1024V80.505c-37.171 19.558-80.691 35.328-139.571 36.25-151.142 2.355-141.619-28.57-298.496-29.184s-138.854 47.002-305.459 43.725C132.813 128.428 91.238 44.563 0 28.179v153.907z\"\/>\n\t\t\t\t\t\t\t\t\t<path class=\"st4\" d=\"M0 182.086h1024v-77.312c-49.05 20.07-120.525 42.394-193.229 42.086-128.922-.512-159.846-72.294-255.795-72.294-89.088 0-134.656 80.179-245.043 82.022S169.063 99.346 49.971 97.401C32.768 97.094 16.077 99.244 0 103.135v78.951z\"\/>\n\t\t\t\t\t\t\t\t<\/svg><\/div><div class=\"fusion-clearfix\"><\/div>\n\n\t\t\t\t\t<\/div>\n\t\t\t\t<\/div><\/div><\/div><div class=\"fusion-fullwidth fullwidth-box fusion-builder-row-2 nonhundred-percent-fullwidth non-hundred-percent-height-scrolling\"  style='background-color: #ffffff;background-position: center center;background-repeat: no-repeat;padding-top:0px;padding-right:0px;padding-bottom:0px;padding-left:0px;'><div class=\"fusion-builder-row fusion-row \"><div  class=\"fusion-layout-column fusion_builder_column fusion_builder_column_3_5 fusion-builder-column-3 fusion-three-fifth fusion-column-first 3_5\"  style='margin-top:0px;margin-bottom:20px;width:60%;width:calc(60% - ( ( 4% ) * 0.6 ) );margin-right: 4%;'>\n\t\t\t\t\t<div class=\"fusion-column-wrapper\" style=\"padding: 0px 0px 0px 0px;background-position:left top;background-repeat:no-repeat;-webkit-background-size:cover;-moz-background-size:cover;-o-background-size:cover;background-size:cover;\"   data-bg-url=\"\">\n\t\t\t\t\t\t<style type=\"text\/css\"><\/style><div class=\"fusion-title title fusion-title-1 sep-underline sep-solid fusion-title-text fusion-title-size-two\" style=\"border-bottom-color:#e0dede;font-size:20px;margin-top:0px;margin-bottom:31px;\"><h2 class=\"title-heading-left\" style=\"margin:0;font-size:1em;color:#890d00;\"><span style=\"font-size: 18pt;\"><strong>QUEM SOMOS<\/strong><\/span><\/h2><\/div><div class=\"fusion-text\"><div id=\"comp-izyttjah\" class=\"_1Q9if _3bcaz\" data-testid=\"richTextElement\">\n<p class=\"font_7\" style=\"text-align: justify;\"><span style=\"font-size: 14pt;\">Em abril de 2012, o Col\u00e9gio de Procuradores de Justi\u00e7a do Estado de Alagoas, mediante a RESOLU\u00c7\u00c3O CPJ MPE\/AL N\u00ba 04\/2012, criou o N\u00facleo de Defesa da Sa\u00fade P\u00fablica no \u00e2mbito do Centro de Apoio Operacional do Minist\u00e9rio P\u00fablico do Estado de Alagoas, qual esteja regulamentado pelo Resolu\u00e7\u00e3o CPJ n.\u00ba 05\/2018.<\/span><\/p>\n<div id=\"comp-izyucrb2\" class=\"_1Q9if _3bcaz\" data-testid=\"richTextElement\">\n<p class=\"font_7\" style=\"text-align: justify;\"><span style=\"font-size: 14pt;\">O N\u00facleo de Defesa da Sa\u00fade P\u00fablica \u00e9 destinado a apoiar as Promotorias de Justi\u00e7a que possuem atribui\u00e7\u00e3o para promover a <\/span><span style=\"font-size: 14pt;\">Defesa da Sa\u00fade P\u00fablica, tendo como finalidade b\u00e1sica:<\/span><\/p>\n<ul class=\"font_7\" style=\"text-align: justify;\">\n<li>\n<p class=\"font_7\"><span style=\"font-size: 14pt;\">Efetuar estudos e pesquisas na \u00e1rea de atua\u00e7\u00e3o;\u00a0<\/span><\/p>\n<\/li>\n<\/ul>\n<ul class=\"font_7\" style=\"text-align: justify;\">\n<li>\n<p class=\"font_7\"><span style=\"font-size: 14pt;\">Manter banco de dados dispon\u00edvel e atualizado dos assuntos competentes para assessoramento t\u00e9cnico fundamentado;\u00a0<\/span><\/p>\n<\/li>\n<\/ul>\n<ul class=\"font_7\" style=\"text-align: justify;\">\n<li>\n<p class=\"font_7\"><span style=\"font-size: 14pt;\">Estimular a integra\u00e7\u00e3o e o interc\u00e2mbio entre \u00f3rg\u00e3os da mesma natureza;<\/span><\/p>\n<\/li>\n<\/ul>\n<ul class=\"font_7\" style=\"text-align: justify;\">\n<li>\n<p class=\"font_7\"><span style=\"font-size: 14pt;\">Incentivar e promover a articula\u00e7\u00e3o entre os \u00f3rg\u00e3os p\u00fablicos, a comunidade e o Minist\u00e9rio P\u00fablico nos assuntos de pertin\u00eancia;\u00a0<\/span><\/p>\n<\/li>\n<\/ul>\n<ul class=\"font_7\" style=\"text-align: justify;\">\n<li>\n<p class=\"font_7\"><span style=\"font-size: 14pt;\">Acompanhar e manter atualizado banco de dados legislativo, com a devida divulga\u00e7\u00e3o entre os \u00f3rg\u00e3os de execu\u00e7\u00e3o;<\/span><\/p>\n<\/li>\n<\/ul>\n<ul class=\"font_7\" style=\"text-align: justify;\">\n<li>\n<p class=\"font_7\"><span style=\"font-size: 14pt;\">Emitir pareceres t\u00e9cnicos na \u00e1rea de atua\u00e7\u00e3o;\u00a0<\/span><\/p>\n<\/li>\n<\/ul>\n<ul class=\"font_7\" style=\"text-align: justify;\">\n<li>\n<p class=\"font_7\"><span style=\"font-size: 14pt;\">Propor normas e procedimentos para aperfei\u00e7oamento da atua\u00e7\u00e3o dos \u00f3rg\u00e3os de execu\u00e7\u00e3o.<\/span><\/p>\n<\/li>\n<\/ul>\n<p class=\"font_7\" style=\"text-align: center;\"><span style=\"font-size: 14pt;\">(Art. 3\u00ba, Res. CPJ MPE\/AL n\u00ba 04\/2012)<\/span><\/p>\n<\/div>\n<\/div>\n<\/div><div class=\"fusion-clearfix\"><\/div>\n\n\t\t\t\t\t<\/div>\n\t\t\t\t<\/div><div  class=\"fusion-layout-column fusion_builder_column fusion_builder_column_2_5 fusion-builder-column-4 fusion-two-fifth fusion-column-last 2_5\"  style='margin-top:0px;margin-bottom:20px;width:40%;width:calc(40% - ( ( 4% ) * 0.4 ) );'>\n\t\t\t\t\t<div class=\"fusion-column-wrapper\" style=\"padding: 0px 0px 0px 0px;background-position:left top;background-repeat:no-repeat;-webkit-background-size:cover;-moz-background-size:cover;-o-background-size:cover;background-size:cover;\"   data-bg-url=\"\">\n\t\t\t\t\t\t<style type=\"text\/css\"><\/style><div class=\"fusion-title title fusion-title-2 sep-underline sep-solid fusion-title-text fusion-title-size-two\" style=\"border-bottom-color:#e0dede;font-size:20px;margin-top:0px;margin-bottom:31px;\"><h2 class=\"title-heading-left\" style=\"margin:0;font-size:1em;color:#890d00;\"><span style=\"font-size: 18pt;\"><strong>SERVI\u00c7OS<\/strong><\/span><\/h2><\/div><div class=\"fusion-flip-boxes flip-boxes row fusion-columns-2 flip-effect-classic\"><div class=\"fusion-flip-box-wrapper fusion-column col-lg-6 col-md-6 col-sm-6\"><div class=\"fusion-flip-box flip-right\"><div class=\"flip-box-inner-wrapper\"><div class=\"flip-box-front\" style=\"background-color:#003866;border-color:rgba(3,169,244,0);border-radius:20px;border-style:solid;border-width:5px;color:#ffffff;transition-duration:0.4s;\"><div class=\"flip-box-front-inner\"><div class=\"flip-box-grafix flip-box-no-circle\"><i class=\"fa-bullhorn fas\" style=\"color:#03a9f4;\"><\/i><\/div><h2 class=\"flip-box-heading without-text\" style=\"color:#ffffff;\">DEN\u00daNCIA<\/h2><\/div><\/div><div class=\"flip-box-back\" style=\"background-color:#003866;border-color:rgba(3,169,244,0);border-radius:20px;border-style:solid;border-width:5px;color:#ffffff;transition-duration:0.4s;\"><div class=\"flip-box-back-inner\"><h3 class=\"flip-box-heading-back\" style=\"color:#ffffff;\">DEN\u00daNCIA<\/h3>\n<div class=\"fusion-button-wrapper\"><style type=\"text\/css\">.fusion-button.button-1 {border-radius:#cc0d00;}<\/style><a class=\"fusion-button button-flat fusion-button-default-size button-default button-1 fusion-button-default-span fusion-button-default-type\" target=\"_self\" href=\"https:\/\/www.mpal.mp.br\/?page_id=1782\"><span class=\"fusion-button-text\">CLIQUE AQUI<\/span><\/a><\/div>\n<\/div><\/div><\/div><\/div><\/div><div class=\"fusion-flip-box-wrapper fusion-column col-lg-6 col-md-6 col-sm-6\"><div class=\"fusion-flip-box flip-right\"><div class=\"flip-box-inner-wrapper\"><div class=\"flip-box-front\" style=\"background-color:#03a9f4;border-color:rgba(3,169,244,0);border-radius:20px;border-style:solid;border-width:5px;color:#ffffff;transition-duration:0.4s;\"><div class=\"flip-box-front-inner\"><div class=\"flip-box-grafix flip-box-no-circle\"><i class=\"fa-phone-alt fas\" style=\"color:#003866;\"><\/i><\/div><h2 class=\"flip-box-heading without-text\" style=\"color:#000000;\">TELEFONES<\/h2><\/div><\/div><div class=\"flip-box-back\" style=\"background-color:#38b9f4;border-color:rgba(3,169,244,0);border-radius:20px;border-style:solid;border-width:5px;color:#003866;transition-duration:0.4s;\"><div class=\"flip-box-back-inner\"><h3 class=\"flip-box-heading-back\" style=\"color:#eeeded;\">TELEFONES<\/h3><div class=\"fusion-button-wrapper\"><style type=\"text\/css\">.fusion-button.button-2 {border-radius:5px;}<\/style><a class=\"fusion-button button-flat fusion-button-default-size button-default button-2 fusion-button-default-span fusion-button-default-type\" target=\"_self\" href=\"https:\/\/www.mpal.mp.br\/?page_id=2842\"><span class=\"fusion-button-text\">CLIQUE AQUI<\/span><\/a><\/div><\/div><\/div><\/div><\/div><\/div><div class=\"fusion-flip-box-wrapper fusion-column col-lg-6 col-md-6 col-sm-6\"><div class=\"fusion-flip-box flip-right\"><div class=\"flip-box-inner-wrapper\"><div class=\"flip-box-front\" style=\"background-color:#03a9f4;border-color:rgba(3,169,244,0);border-radius:20px;border-style:solid;border-width:5px;color:#ffffff;transition-duration:0.4s;\"><div class=\"flip-box-front-inner\"><div class=\"flip-box-grafix flip-box-no-circle\"><i class=\"fa-university fas\" style=\"color:#003866;\"><\/i><\/div><h2 class=\"flip-box-heading without-text\" style=\"color:#000000;\">N\u00daCLEO<\/h2><\/div><\/div><div class=\"flip-box-back\" style=\"background-color:#38b9f4;border-color:rgba(3,169,244,0);border-radius:20px;border-style:solid;border-width:5px;color:#003866;transition-duration:0.4s;\"><div class=\"flip-box-back-inner\"><h3 class=\"flip-box-heading-back\" style=\"color:#eeeded;\">N\u00daCLEO<\/h3><div class=\"fusion-button-wrapper\"><style type=\"text\/css\">.fusion-button.button-3 {border-radius:5px;}<\/style><a class=\"fusion-button button-flat fusion-button-default-size button-default button-3 fusion-button-default-span fusion-button-default-type\" target=\"_self\" href=\"https:\/\/www.mpal.mp.br\/?page_id=2679\"><span class=\"fusion-button-text\">CLIQUE AQUI<\/span><\/a><\/div><\/div><\/div><\/div><\/div><\/div><div class=\"fusion-flip-box-wrapper fusion-column col-lg-6 col-md-6 col-sm-6\"><div class=\"fusion-flip-box flip-right\"><div class=\"flip-box-inner-wrapper\"><div class=\"flip-box-front\" style=\"background-color:#03a9f4;border-color:rgba(3,169,244,0);border-radius:20px;border-style:solid;border-width:5px;color:#ffffff;transition-duration:0.4s;\"><div class=\"flip-box-front-inner\"><div class=\"flip-box-grafix flip-box-no-circle\"><i class=\"fa-camera fas\" style=\"color:#003866;\"><\/i><\/div><h2 class=\"flip-box-heading without-text\" style=\"color:#000000;\">VISITA IN LOCO<\/h2><\/div><\/div><div class=\"flip-box-back\" style=\"background-color:#38b9f4;border-color:rgba(3,169,244,0);border-radius:20px;border-style:solid;border-width:5px;color:#003866;transition-duration:0.4s;\"><div class=\"flip-box-back-inner\"><h3 class=\"flip-box-heading-back\" style=\"color:#eeeded;\">VISITA IN LOCO<\/h3><div class=\"fusion-button-wrapper\"><style type=\"text\/css\">.fusion-button.button-4 {border-radius:5px;}<\/style><a class=\"fusion-button button-flat fusion-button-default-size button-default button-4 fusion-button-default-span fusion-button-default-type\" target=\"_self\" href=\"https:\/\/www.mpal.mp.br\/?page_id=14576\"><span class=\"fusion-button-text\">CLIQUE AQUI<\/span><\/a><\/div><\/div><\/div><\/div><\/div><\/div><div class=\"fusion-flip-box-wrapper fusion-column col-lg-6 col-md-6 col-sm-6\"><div class=\"fusion-flip-box flip-right\"><div class=\"flip-box-inner-wrapper\"><div class=\"flip-box-front\" style=\"background-color:#03a9f4;border-color:rgba(3,169,244,0);border-radius:20px;border-style:solid;border-width:5px;color:#ffffff;transition-duration:0.4s;\"><div class=\"flip-box-front-inner\"><div class=\"flip-box-grafix flip-box-no-circle\"><i class=\"fa-link fas\" style=\"color:#003866;\"><\/i><\/div><h2 class=\"flip-box-heading without-text\" style=\"color:#000000;\">LINKS \u00daTEIS<\/h2><\/div><\/div><div class=\"flip-box-back\" style=\"background-color:#38b9f4;border-color:rgba(3,169,244,0);border-radius:20px;border-style:solid;border-width:5px;color:#003866;transition-duration:0.4s;\"><div class=\"flip-box-back-inner\"><h3 class=\"flip-box-heading-back\" style=\"color:#eeeded;\">LINKS \u00daTEIS<\/h3><div class=\"fusion-button-wrapper\"><style type=\"text\/css\">.fusion-button.button-5 {border-radius:5px;}<\/style><a class=\"fusion-button button-flat fusion-button-default-size button-default button-5 fusion-button-default-span fusion-button-default-type\" target=\"_self\" href=\"https:\/\/www.mpal.mp.br\/?page_id=14663\"><span class=\"fusion-button-text\">CLIQUE AQUI<\/span><\/a><\/div><\/div><\/div><\/div><\/div><\/div><\/div><div class=\"fusion-clearfix\"><\/div><div class=\"fusion-clearfix\"><\/div>\n\n\t\t\t\t\t<\/div>\n\t\t\t\t<\/div><div  class=\"fusion-layout-column fusion_builder_column fusion_builder_column_1_2 fusion-builder-column-5 fusion-one-half fusion-column-first 1_2\"  style='margin-top:0px;margin-bottom:20px;width:50%;width:calc(50% - ( ( 4% ) * 0.5 ) );margin-right: 4%;'>\n\t\t\t\t\t<div class=\"fusion-column-wrapper\" style=\"padding: 0px 0px 0px 0px;background-position:left top;background-repeat:no-repeat;-webkit-background-size:cover;-moz-background-size:cover;-o-background-size:cover;background-size:cover;\"   data-bg-url=\"\">\n\t\t\t\t\t\t<style type=\"text\/css\"><\/style><div class=\"fusion-title title fusion-title-3 fusion-title-center fusion-title-text fusion-title-size-two\" style=\"margin-top:40px;margin-bottom:31px;\"><div class=\"title-sep-container title-sep-container-left\"><div class=\"title-sep sep-double sep-solid\" style=\"border-color:#e0dede;\"><\/div><\/div><h2 class=\"title-heading-center\" style=\"margin:0;\"><strong><span style=\"font-size: 18pt; color: #003866;\">ONDE ESTAMOS<\/span><\/strong><\/h2><div class=\"title-sep-container title-sep-container-right\"><div class=\"title-sep sep-double sep-solid\" style=\"border-color:#e0dede;\"><\/div><\/div><\/div><span style=\"-webkit-border-radius:5px;-moz-border-radius:5px;border-radius:5px;margin-right:25px;float:left;width:100%;max-width:600px;\" class=\"fusion-imageframe imageframe-none imageframe-2 hover-type-none\"><img loading=\"lazy\" decoding=\"async\" src=\"https:\/\/www.mpal.mp.br\/wp-content\/uploads\/2022\/03\/predio_caop-1.jpg\" width=\"1000\" height=\"550\" alt=\"\" title=\"predio_caop\" class=\"img-responsive wp-image-2859\"\/><\/span><div class=\"fusion-sep-clear\"><\/div><div class=\"fusion-separator fusion-full-width-sep sep-double\" style=\"border-color:rgba(255,252,252,0);border-top-width:1px;border-bottom-width:1px;margin-left: auto;margin-right: auto;margin-top:10px;\"><\/div><div class=\"fusion-text\"><p><span style=\"font-size: 12pt;\"><i class=\"fontawesome-icon fa-map-marker-alt fas circle-no\" style=\"font-size:18px;margin-right:9px;color:#003866;\"><\/i>Av. Fernandes Lima, 1018, Farol, Macei\u00f3 \u2013 AL, CEP: 57025-050<\/span><\/p>\n<\/div><div class=\"fusion-text\"><p><span style=\"font-size: 12pt;\"><i class=\"fontawesome-icon fa-clock far circle-no\" style=\"font-size:18px;margin-right:9px;color:#003866;\"><\/i>07h30 \u00e0s 13h30<\/span><\/p>\n<\/div><div class=\"fusion-clearfix\"><\/div>\n\n\t\t\t\t\t<\/div>\n\t\t\t\t<\/div><div  class=\"fusion-layout-column fusion_builder_column fusion_builder_column_1_2 fusion-builder-column-6 fusion-one-half fusion-column-last 1_2\"  style='margin-top:0px;margin-bottom:20px;width:50%;width:calc(50% - ( ( 4% ) * 0.5 ) );'>\n\t\t\t\t\t<div class=\"fusion-column-wrapper\" style=\"padding: 0px 0px 0px 0px;background-position:left top;background-repeat:no-repeat;-webkit-background-size:cover;-moz-background-size:cover;-o-background-size:cover;background-size:cover;\"   data-bg-url=\"\">\n\t\t\t\t\t\t<style type=\"text\/css\"><\/style><div class=\"fusion-title title fusion-title-4 fusion-title-center fusion-title-text fusion-title-size-two\" style=\"margin-top:40px;margin-bottom:31px;\"><div class=\"title-sep-container title-sep-container-left\"><div class=\"title-sep sep-double sep-solid\" style=\"border-color:#e0dede;\"><\/div><\/div><h2 class=\"title-heading-center\" style=\"margin:0;\"><strong><span style=\"font-size: 18pt; color: #003866;\">COORDENA\u00c7\u00c3O<\/span><\/strong><\/h2><div class=\"title-sep-container title-sep-container-right\"><div class=\"title-sep sep-double sep-solid\" style=\"border-color:#e0dede;\"><\/div><\/div><\/div><div class=\"fusion-sep-clear\"><\/div><div class=\"fusion-separator fusion-full-width-sep sep-double\" style=\"border-color:rgba(255,252,252,0);border-top-width:1px;border-bottom-width:1px;margin-left: auto;margin-right: auto;margin-top:10px;\"><\/div><div class=\"fusion-text\"><div class=\"fusion-person person fusion-person-center fusion-person-2 fusion-person-icon-top\" data-raofz=\"13\">\n<div class=\"person-desc\" data-raofz=\"13\">\n<div class=\"person-author\" data-raofz=\"13\">\n<div class=\"person-author-wrapper\" style=\"text-align: center;\" data-raofz=\"13\">\n<div class=\"fusion-person person fusion-person-center fusion-person-1 fusion-person-icon-top\" data-raofz=\"13\">\n<div class=\"person-desc\" data-raofz=\"13\">\n<div class=\"person-author\" data-raofz=\"13\">\n<div class=\"person-author-wrapper\" data-raofz=\"13\"><span class=\"person-name\" style=\"font-size: 14pt;\" data-raofz=\"13\">Dra. Micheline Laurindo T. Silveira dos Anjos<\/span><\/div>\n<div class=\"person-author-wrapper\" data-raofz=\"13\"><strong><span class=\"person-title\" style=\"font-size: 14pt;\" data-raofz=\"13\">Promotora de Justi\u00e7a<\/span><\/strong><\/div>\n<\/div>\n<\/div>\n<\/div>\n<\/div>\n<\/div>\n<\/div>\n<\/div>\n<\/div><div class=\"fusion-sep-clear\"><\/div><div class=\"fusion-separator fusion-full-width-sep sep-double\" style=\"border-color:rgba(255,252,252,0);border-top-width:1px;border-bottom-width:1px;margin-left: auto;margin-right: auto;margin-top:10px;\"><\/div><div class=\"fusion-sep-clear\"><\/div><div class=\"fusion-separator fusion-full-width-sep sep-double\" style=\"border-color:rgba(255,252,252,0);border-top-width:1px;border-bottom-width:1px;margin-left: auto;margin-right: auto;margin-top:10px;\"><\/div><div class=\"fusion-text\"><p style=\"text-align: left;\"><span style=\"font-size: 12pt;\"><i class=\"fontawesome-icon fa-envelope fas circle-no\" style=\"font-size:20px;margin-right:10px;color:#003866;\"><\/i>nucleo.saude@mpal.mp.br<\/span><\/p>\n<\/div><div class=\"fusion-text\"><p style=\"text-align: left;\"><span style=\"font-size: 14pt;\"><i class=\"fontawesome-icon fa-whatsapp fab circle-no\" style=\"font-size:20px;margin-right:10px;color:#003866;\"><\/i><a href=\"https:\/\/wa.me\/558221223709\" target=\"_blank\" rel=\"noopener\">Atendimento Whatsapp &#8211; Clique aqui<\/a><\/span><\/p>\n<\/div><div class=\"fusion-clearfix\"><\/div>\n\n\t\t\t\t\t<\/div>\n\t\t\t\t<\/div><\/div><\/div><div class=\"fusion-fullwidth fullwidth-box fusion-builder-row-3 hundred-percent-fullwidth non-hundred-percent-height-scrolling\"  style='background-color: #7ccef4;background-image:linear-gradient(0deg, var(--awb-color5) 0%,hsla(var(--awb-color5-h),var(--awb-color5-s),var(--awb-color5-l),calc(var(--awb-color5-a) - 20%)) 78%);background-position: center center;background-repeat: no-repeat;padding-top:0px;padding-right:10%;padding-bottom:0px;padding-left:10%;'><div class=\"fusion-builder-row fusion-row \"><div  class=\"fusion-layout-column fusion_builder_column fusion_builder_column_1_1 fusion-builder-column-7 fusion-one-full fusion-column-first fusion-column-last 1_1\"  style='margin-top:0px;margin-bottom:20px;'>\n\t\t\t\t\t<div class=\"fusion-column-wrapper\" style=\"padding: 0px 0px 0px 0px;background-position:left top;background-repeat:no-repeat;-webkit-background-size:cover;-moz-background-size:cover;-o-background-size:cover;background-size:cover;\"   data-bg-url=\"\">\n\t\t\t\t\t\t<div class=\"fusion-section-separator section-separator hills-opacity\" style=\"font-size:0;line-height:0;margin-left:calc( (100% + 12.5% + 12.5%) * 10 \/ -100 );margin-right:calc( (100% + 12.5% + 12.5%) * 10 \/ -100 );\"><svg class=\"fusion-hills-opacity-candy\" fill=\"#ffffff\" xmlns=\"http:\/\/www.w3.org\/2000\/svg\" version=\"1.1\" width=\"100%\" viewBox=\"0 0 1024 182\" preserveAspectRatio=\"none\" class=\"section-separator-shortcode-divider-svg\"><path class=\"st0\" d=\"M0 0h1024v140.5C995.9 162 963.9 178 926.9 178c-112.8 0-198.1-93.8-289.8-93.8s-199.5 91-285.3 91-142.2-82.1-238.5-82.1c-63.1 0-75.7 31.6-113.3 53.6V0z\"\/>\n\t\t\t\t\t\t\t\t\t<path class=\"st1\" d=\"M1024 0v75.9C984.3 60 942.2 48.6 905.3 50.1c-110.4 4.5-191.8 109.8-325.5 116.2C470.6 171.5 235.6 46.1 150.3 0H1024z\"\/>\n\t\t\t\t\t\t\t\t\t<path class=\"st2\" d=\"M0 0h1024v92c-57.5 30.9-116.9 73.7-199.9 75-133.8 2-158.9-87.9-342-87.9S202.1 183.7 74.2 182c-27.8-.3-52.4-4.2-74.2-9.7V0z\"\/>\n\t\t\t\t\t\t\t\t\t<path class=\"st3\" d=\"M0 0h1024v101.6C986.8 82 943.3 66.3 884.4 65.4 733.3 63 742.8 94 585.9 94.6S447 47.6 280.4 50.9C132.8 53.6 91.2 137.5 0 154V0z\"\/>\n\t\t\t\t\t\t\t\t\t<path class=\"st4\" d=\"M0 0h1024v77.3c-49-20.1-120.5-42.4-193.2-42.1-128.9.5-159.8 72.3-255.8 72.3-89.1 0-134.7-80.2-245-82-110.4-1.8-160.9 57.2-280 59.2-17.2.3-33.9-1.8-50-5.7V0z\"\/>\n\t\t\t\t\t\t\t\t<\/svg><\/div><div class=\"fusion-clearfix\"><\/div>\n\n\t\t\t\t\t<\/div>\n\t\t\t\t<\/div><\/div><\/div><\/p>\n","protected":false},"excerpt":{"rendered":"","protected":false},"author":2,"featured_media":0,"parent":0,"menu_order":0,"comment_status":"closed","ping_status":"closed","template":"100-width.php","meta":{"om_disable_all_campaigns":false,"_monsterinsights_skip_tracking":false,"_monsterinsights_sitenote_active":false,"_monsterinsights_sitenote_note":"","_monsterinsights_sitenote_category":0,"_uf_show_specific_survey":0,"_uf_disable_surveys":false,"footnotes":""},"class_list":["post-14433","page","type-page","status-publish","hentry"],"aioseo_notices":[],"_links":{"self":[{"href":"https:\/\/www.mpal.mp.br\/index.php?rest_route=\/wp\/v2\/pages\/14433","targetHints":{"allow":["GET"]}}],"collection":[{"href":"https:\/\/www.mpal.mp.br\/index.php?rest_route=\/wp\/v2\/pages"}],"about":[{"href":"https:\/\/www.mpal.mp.br\/index.php?rest_route=\/wp\/v2\/types\/page"}],"author":[{"embeddable":true,"href":"https:\/\/www.mpal.mp.br\/index.php?rest_route=\/wp\/v2\/users\/2"}],"replies":[{"embeddable":true,"href":"https:\/\/www.mpal.mp.br\/index.php?rest_route=%2Fwp%2Fv2%2Fcomments&post=14433"}],"version-history":[{"count":51,"href":"https:\/\/www.mpal.mp.br\/index.php?rest_route=\/wp\/v2\/pages\/14433\/revisions"}],"predecessor-version":[{"id":49283,"href":"https:\/\/www.mpal.mp.br\/index.php?rest_route=\/wp\/v2\/pages\/14433\/revisions\/49283"}],"wp:attachment":[{"href":"https:\/\/www.mpal.mp.br\/index.php?rest_route=%2Fwp%2Fv2%2Fmedia&parent=14433"}],"curies":[{"name":"wp","href":"https:\/\/api.w.org\/{rel}","templated":true}]}}